(a).
7
Let k be (-25296)/(-68) + 0 + 1. Suppose -k*f - 4 = -371*f. Let u(l) = 4*l**2 + l**3 - 2 - 3*l + 5*l + 0. What is u(f)?
2
Let x(c) be the second derivative of c**4/12 - 11*c**3/6 - 3*c**2/2 + 36*c. Let s be ((-186)/36 - -7)/((-2)/(-12)). What is x(s)?
-3
Let x(w) = 6*w**2 - 7*w**2 + 912 - 876 - 13*w. Determine x(-16).
-12
Let w(q) be the third derivative of 111*q**2 + 1/6*q**3 - 3/10*q**5 + 0*q + 0 + 1/24*q**4. What is w(-1)?
-18
Let o(c) be the third derivative of c**5/20 - 5*c**4/2 - 37*c**3/6 - 3909*c**2. Calculate o(21).
26
Let u(r) = 11*r - 3. Let x(d) = -4*d**2 - 42*d - 16. Let c(h) = u(h) + x(h). What is c(-7)?
2
Let l be (-60)/(-105) - (-62)/14. Let c(z) = 5*z**2 - 3 + z**3 + 8 - l*z + z**2. Give c(-7).
-9
Let s = -64 - -67. Let o(a) = -16*a + 37*a - a**s - 8 - 17*a + 8*a**2. Give o(8).
24
Suppose -5*o = -6*o + 5. Let j(b) = 2*b - 137 - o*b + 137. Suppose 5*p = -16 + 11. What is j(p)?
3
Let l(j) = 9822 - 46*j + 43*j - 9797. Determine l(8).
1
Let c(o) be the first derivative of 3*o + 3 - 1/2*o**2. Suppose 0 = -273*t + 270*t - 4*w - 6, -w + 6 = 2*t. Determine c(t).
-3
Suppose 132*n = 107*n - 47 - 128. Let j(x) = x**3 + 5*x**2 - 13*x - 22. What is j(n)?
-29
Let b(o) be the first derivative of 4*o**3 + o**2/2 - o - 1. Let u = -650 + 641. Let t be (u - -9 - 4) + 5. What is b(t)?
12
Suppose 0 = -3317*d + 3318*d + 8. Let o(j) = 3*j + 9. What is o(d)?
-15
Let s(q) = 4*q + 57. Let z be s(-23). Let m = z - -61. Suppose 0 = 30*j - m*j - 20. Let p(r) = -2*r + 6. Determine p(j).
-4
Let a(v) be the first derivative of -v**3/3 + 10*v**2 - 20*v + 464. Let j = 32 - 13. Give a(j).
-1
Suppose 4 = 2*j + 4*o, -j - 5*o + 8 = 3. Let r be (4 - (-5)/(-2))*(2 + j). Let d(v) = -15*v + 2*v**3 - 3*v**r - 7 + 14*v. Determine d(0).
-7
Suppose 5223*b = 5221*b. Let t(r) = r**3 - r**2 - 12. Calculate t(b).
-12
Suppose 0 = 3*m + l - 14, -2 = 3*m - 5*m + 3*l. Suppose -m*z + z - 26 = 4*j, 4*z = 2*j + 24. Let w(t) = t**3 + 9*t**2 + 7*t + 10. What is w(j)?
18
Let v = -215 + 220. Suppose v*u = -9*u - 56. Let z(r) = r**3 + 4*r**2 + r + 1. Give z(u).
-3
Let h(a) be the second derivative of -a**6/720 + 13*a**5/120 + a**4/12 + 51*a**2/2 - 9*a. Let m(i) be the third derivative of h(i). Determine m(8).
5
Let z(p) be the third derivative of p**7/2520 - p**6/240 + p**5/120 + p**4/12 - 5*p**3/6 + 22*p**2. Let u(y) be the second derivative of z(y). Calculate u(3).
1
Let z = 3240 - 3241. Let f(y) = -61*y + 1. Give f(z).
62
Let o(f) = f + 18. Let m be (1/(-2)*-2)/(3/24). Suppose 3*x = -k + 36, -4*k - m*x + 109 = -3*x. Suppose 31*l - k*l = -110. Determine o(l).
7
Let w(t) = 61*t - 182. Let s(u) = 18*u - 57. Let k(i) = 7*s(i) - 2*w(i). What is k(12)?
13
Let x(o) be the third derivative of 0*o - 1/24*o**4 + 1/120*o**6 + 1/60*o**5 - 32*o**2 - 1/3*o**3 + 3. What is x(-2)?
-4
Suppose -3*w = -67 - 86. Let b = 51 - w. Suppose -5*k - 30 = 3*j, -5*j + 4*k - 14 + 1 = b. Let o(m) = 3*m + 7. Calculate o(j).
-8
Let s(w) = 19*w - 189. Let g be s(12). Suppose g*q + 15 = 34*q, -2*f + q = 13. Let x(m) = -2*m**3 - m**3 + 9*m**2 - 6 + 6*m + 4*m**3. Determine x(f).
10
Let a(s) be the first derivative of -s**4/4 + 5*s**3/3 - s**2 + 4*s - 4256. Let n(r) = 4*r - 3. Let o be n(2). What is a(o)?
-6
Let v(f) = f**3 - 5*f**2 - f + 20. Let b be v(4). Let n(q) = -q**3 - 4. Give n(b).
-4
Let o = 11630 - 11640. Let d(q) = -q**3 - 9*q**2 + 11*q + 22. Give d(o).
12
Let h be 12/4 + 1 + 11. Let d be (-5)/h*(-6)/1. Suppose 0 = -d*s + 2 - 16. Let t(c) = -c**2 - 9*c - 9. Calculate t(s).
5
Let s = -187 - -188. Let d(j) = -j**3 + j**2 - j. Let q(h) = 3*h**3 - 13*h**2. Let g(l) = s*q(l) + 4*d(l). Give g(-8).
-32
Let y(t) = -27*t + 197 - 62 - 63 - 57. Calculate y(3).
-66
Let b(v) = -9 - 5 - 1 + 1 + 2*v + 2. Calculate b(-9).
-30
Let l(x) be the first derivative of 5*x**2/2 + 3*x + 11647. Suppose -g + t = 3*g + 16, -4*t = 0. Give l(g).
-17
Suppose 3*x = -10 + 22. Suppose -x*i - 167 = -5*n, n - 5*i = -i + 43. Let u(q) = -q - 61 + 20 + n. Determine u(-7).
-3
Let p(k) = 26*k**2 - 6*k + 4 + 27*k**2 - 71*k**2 + 17*k**2. Determine p(-6).
4
Let g(v) = 52*v**3 - 2*v**2. Let b = -3882 - -3883. What is g(b)?
50
Let v(r) = 8*r - 2*r + 3319 - 3231. Give v(-14).
4
Let n = -17450 - -17457. Let t(q) = q + 30. Determine t(n).
37
Let v(n) = 2*n**3 - 9*n**2 + 3*n + 22. Let c be v(6). Let f = c - 142. Let r(m) be the first derivative of m**3/3 - 7*m**2/2 + 7*m + 3. Determine r(f).
1
Let s(m) = -4 - 31*m + 7 - 23*m**2 - 52 + 35*m**2 - 10*m**2. Calculate s(17).
2
Let j(k) = 91290 - 2*k**2 + 91319 - 32*k - 182571. Calculate j(-17).
4
Let c be 10/4 + 2/(76/(-57)). Let i(w) = 36*w - 24. What is i(c)?
12
Suppose 0 = 5*i + 2*b - 10, 3*i + b = 10 - 5. Let w(d) = 8 - 5 - 7*d + 8*d. What is w(i)?
3
Let w(u) = u + 5. Let v be (9/4)/(33/176). Let h = 44 - 25. Let s = v - h. Calculate w(s).
-2
Suppose 4*q + 6 = s, 7*q - 6*q = 4*s - 24. Let v(h) be the third derivative of -1/24*h**4 + 0*h - 1/60*h**5 + 1/3*h**3 + q + 14*h**2. Give v(-3).
-4
Let o be (-105)/(-5)*(-3)/(-9). Let q(s) be the first derivative of 3*s**2/2 - 2*s - 99. Give q(o).
19
Let d(h) = 53*h + 301. Let p(x) = -9*x - 50. Let f(q) = 6*d(q) + 34*p(q). Let r be f(-9). Let a(i) = 2*i. Determine a(r).
-4
Suppose -78725 + 79143 = 11*n. Let c(d) = -15*d + 570. What is c(n)?
0
Let r be 140/30*(-12)/(-7). Let p(a) = -2*a - 5 + 4*a + 4 - 3*a**3 + r*a**3. Suppose 0 = x - 4*g - 9, -5*x - 12*g = -8*g + 3. Give p(x).
6
Let b(t) = 5*t - 29. Let f = 11014 - 11007. Determine b(f).
6
Let g = -125 + 275. Suppose -8*i + 314 = -g. Let y = i + -64. Let m(t) = -t**2 - 5*t - 6. What is m(y)?
-12
Let b(o) = -13*o + 105. Let l be b(7). Let f(y) = 2*y - 40 + l + 16 - y. Give f(0).
-10
Suppose -2*f - 3 + 79 = 0. Let b = -44 + f. Let d(o) = o**3 + 4*o**2 - 9*o - 8. Calculate d(b).
-26
Let z = 742 - 737. Let l(y) be the second derivative of y**3 - 5*y**2/2 - 2*y. Let d(o) = o. Let f(k) = 5*d(k) - l(k). What is f(z)?
0
Let x(n) be the third derivative of -n**4/24 - n**3/2 - n**2. Let r(p) = p**3 - 38*p**2 - 3*p + 142. Let b be r(38). Let z = 31 - b. Determine x(z).
-6
Suppose 0 = 9226*r - 9247*r - 105. Let c(j) = j**3 + 7*j**2 + 8*j + 25. Give c(r).
35
Let q(y) = 35*y + 6. Let h be q(1). Let d(i) = i**2 - 29*i - 3 + h*i - 3. Suppose 0 = p - 29 + 41. Determine d(p).
-6
Let m(j) = -5*j**3 - j**2 + 7*j + 2. Let o(z) = -4*z**3 - z**2 + 6*z + 2. Let w(l) = 5*m(l) - 6*o(l). Determine w(-1).
1
Let u = 9 - 6. Suppose -u*g - 15 = -6*g. Let v(o) be the first derivative of -o**4/4 + 5*o**3/3 + o**2/2 - 2*o - 3861. Determine v(g).
3
Let s(b) = 2628 - 1309 - 1317 - b**2. Give s(-3).
-7
Let z(k) = 37*k**3 + 30*k**2 + 7*k - 15. Let a(c) = -37*c**3 - 22*c**2 - 5*c + 11. Let j(y) = -4*a(y) - 3*z(y). What is j(-1)?
-37
Let q(j) = j + 9. Let r be (-417 + 414)/(21/(-60) - (-4)/(-10)). What is q(r)?
13
Let u(z) = -16*z**3 + 2380*z + 15*z**3 + 2*z**2 - 2378*z. Suppose -p + 6*p - 15 = 0. What is u(p)?
-3
Let p(r) be the second derivative of 0*r**2 + 0 + 1/40*r**5 + 1/24*r**4 - 4*r + 3/2*r**3. Let g(n) be the second derivative of p(n). What is g(-1)?
-2
Let l be 4 + -2 - (0 + 0). Let f be (-3)/l*(-2)/(-1). Let t(j) be the third derivative of -j**6/120 - j**5/15 - j**4/8 - j**3/6 - 5*j**2 - 51*j + 39. Give t(f).
-1
Let p(c) = 7*c**2 + 5*c - 18. Suppose -r + 4 = 3*r. Let j(k) be the first derivative of -k**3/3 - k**2/2 + k - 4988. Let b(m) = r*p(m) + 6*j(m). Calculate b(0).
-12
Let q(f) be the second derivative of -f**5/20 + 5*f**4/12 + 16*f**3/3 + 15*f**2 + 2715*f - 1. Give q(9).
-6
Let q(t) = -2*t**2 + 4*t - 4. Let b be 9/2*(-17)/((-306)/20). Determine q(b).
-34
Let f(i) = -7*i - 6*i + 2*i - 13 + 6*i + 2*i. What is f(-17)?
38
Let z(b) be the first derivative of -b**2 - 19*b - 1. Suppose 5*i = -6*y - 105, 4*y + 22 = -51*i + 53*i. What is z(y)?
1
Let u(x) = -x**3 + 6*x**2 + x - 4. Suppose -4*y + 318*h = 317*h - 19, 0 = 4*y - 2*h - 18. Let r = 6 + -1. Let q be (r - (-16)/(-4)) + y - 0. What is u(q)?
2
Let w(k) = 3*k**2 + 55 + 32*k + 7*k + 65*k - 5*k**2 - 54*k. Calculate w(26).
3
Let x(b) = -b - 7. Let m(d) = -2*d + 23. Let c(i) = 3*i - 24. Let o(w) = 5*c(w) + 6*m(w). Let j(k) = -3*o(k) - 8*x(k). What is j(0)?
2
Let o(t) = 4 + 2 - 70*t + 126*t - 7 - 71*t. Give o(0).
-1
Suppose -27*p + 28*p - 2*w - 1 = 0, -5*p + 2*w = -13. Let y(b) = 11*b + 5. L